{"id":146,"date":"2020-05-18T18:15:20","date_gmt":"2020-05-18T16:15:20","guid":{"rendered":"http:\/\/www2.getreidereiniger-auer.at\/?page_id=146"},"modified":"2024-09-09T13:58:26","modified_gmt":"2024-09-09T11:58:26","slug":"kontakt-anfrage","status":"publish","type":"page","link":"http:\/\/www.getreidereiniger-auer.at\/?page_id=146","title":{"rendered":"Kontakt &#038; Anfrage"},"content":{"rendered":"\n<p>Gerne k\u00f6nnen Sie uns eine unverbindlich Anfrage schicken.<\/p>\n\n\n<div class=\"wpforms-container wpforms-container-full wpforms-block wpforms-block-d768b426-0458-4c76-a775-aecafeb4a1c2\" id=\"wpforms-72\"><form id=\"wpforms-form-72\" class=\"wpforms-validate wpforms-form\" data-formid=\"72\" method=\"post\" enctype=\"multipart\/form-data\" action=\"\/index.php?rest_route=%2Fwp%2Fv2%2Fpages%2F146\" data-token=\"646935270da6550e91b68fd768eb69ac\" data-token-time=\"1777888086\"><noscript class=\"wpforms-error-noscript\">Bitte aktiviere JavaScript in deinem Browser, um dieses Formular fertigzustellen.<\/noscript><div class=\"wpforms-field-container\"><div id=\"wpforms-72-field_0-container\" class=\"wpforms-field wpforms-field-name\" data-field-id=\"0\"><label class=\"wpforms-field-label\">Name <span class=\"wpforms-required-label\">*<\/span><\/label><div class=\"wpforms-field-row wpforms-field-medium\"><div class=\"wpforms-field-row-block wpforms-first wpforms-one-half\"><input type=\"text\" id=\"wpforms-72-field_0\" class=\"wpforms-field-name-first wpforms-field-required\" name=\"wpforms[fields][0][first]\" required><label for=\"wpforms-72-field_0\" class=\"wpforms-field-sublabel after\">Vorname<\/label><\/div><div class=\"wpforms-field-row-block wpforms-one-half\"><input type=\"text\" id=\"wpforms-72-field_0-last\" class=\"wpforms-field-name-last wpforms-field-required\" name=\"wpforms[fields][0][last]\" required><label for=\"wpforms-72-field_0-last\" class=\"wpforms-field-sublabel after\">Nachname<\/label><\/div><\/div><\/div><div id=\"wpforms-72-field_6-container\" class=\"wpforms-field wpforms-field-text\" data-field-id=\"6\"><label class=\"wpforms-field-label\" for=\"wpforms-72-field_6\">Adresse <span class=\"wpforms-required-label\">*<\/span><\/label><input type=\"text\" id=\"wpforms-72-field_6\" class=\"wpforms-field-medium wpforms-field-required\" name=\"wpforms[fields][6]\" required><\/div><div id=\"wpforms-72-field_7-container\" class=\"wpforms-field wpforms-field-text\" data-field-id=\"7\"><label class=\"wpforms-field-label\" for=\"wpforms-72-field_7\">Postleitzahl, Ort <span class=\"wpforms-required-label\">*<\/span><\/label><input type=\"text\" id=\"wpforms-72-field_7\" class=\"wpforms-field-medium wpforms-field-required\" name=\"wpforms[fields][7]\" required><\/div><div id=\"wpforms-72-field_8-container\" class=\"wpforms-field wpforms-field-text\" data-field-id=\"8\"><label class=\"wpforms-field-label\" for=\"wpforms-72-field_8\">Land <span class=\"wpforms-required-label\">*<\/span><\/label><input type=\"text\" id=\"wpforms-72-field_8\" class=\"wpforms-field-medium wpforms-field-required\" name=\"wpforms[fields][8]\" required><\/div><div id=\"wpforms-72-field_1-container\" class=\"wpforms-field wpforms-field-email\" data-field-id=\"1\"><label class=\"wpforms-field-label\" for=\"wpforms-72-field_1\">E-Mail <span class=\"wpforms-required-label\">*<\/span><\/label><input type=\"email\" id=\"wpforms-72-field_1\" class=\"wpforms-field-medium wpforms-field-required\" name=\"wpforms[fields][1]\" spellcheck=\"false\" required><\/div><div id=\"wpforms-72-field_9-container\" class=\"wpforms-field wpforms-field-text\" data-field-id=\"9\"><label class=\"wpforms-field-label\" for=\"wpforms-72-field_9\">Telefonnummer<\/label><input type=\"text\" id=\"wpforms-72-field_9\" class=\"wpforms-field-medium\" name=\"wpforms[fields][9]\" ><\/div><div id=\"wpforms-72-field_2-container\" class=\"wpforms-field wpforms-field-textarea\" data-field-id=\"2\"><label class=\"wpforms-field-label\" for=\"wpforms-72-field_2\">Anfrage <span class=\"wpforms-required-label\">*<\/span><\/label><textarea id=\"wpforms-72-field_2\" class=\"wpforms-field-medium wpforms-field-required\" name=\"wpforms[fields][2]\" required><\/textarea><\/div><div id=\"wpforms-72-field_11-container\" class=\"wpforms-field wpforms-field-email\" data-field-id=\"11\"><label class=\"wpforms-field-label\" for=\"wpforms-72-field_11\">E-Mail <span class=\"wpforms-required-label\">*<\/span><\/label><input type=\"email\" id=\"wpforms-72-field_11\" class=\"wpforms-field-medium wpforms-field-required\" name=\"wpforms[fields][11]\" spellcheck=\"false\" required><\/div><\/div><!-- .wpforms-field-container --><div class=\"wpforms-field wpforms-field-hp\"><label for=\"wpforms-72-field-hp\" class=\"wpforms-field-label\">Email<\/label><input type=\"text\" name=\"wpforms[hp]\" id=\"wpforms-72-field-hp\" class=\"wpforms-field-medium\"><\/div><div class=\"wpforms-recaptcha-container wpforms-is-recaptcha wpforms-is-recaptcha-type-v3\" ><input type=\"hidden\" name=\"wpforms[recaptcha]\" value=\"\"><\/div><div class=\"wpforms-submit-container\" ><input type=\"hidden\" name=\"wpforms[id]\" value=\"72\"><input type=\"hidden\" name=\"page_title\" value=\"\"><input type=\"hidden\" name=\"page_url\" value=\"http:\/\/www.getreidereiniger-auer.at\/index.php?rest_route=\/wp\/v2\/pages\/146\"><input type=\"hidden\" name=\"url_referer\" value=\"\"><button type=\"submit\" name=\"wpforms[submit]\" id=\"wpforms-submit-72\" class=\"wpforms-submit\" data-alt-text=\"Senden...\" data-submit-text=\"Absenden\" aria-live=\"assertive\" value=\"wpforms-submit\">Absenden<\/button><\/div><\/form><\/div>  <!-- .wpforms-container -->\n\n\n<p><\/p>\n\n\n\n<p><\/p>\n\n\n<div class=\"wp-block-image is-resized\">\n<figure class=\"aligncenter size-full\"><img fetchpriority=\"high\" decoding=\"async\" width=\"467\" height=\"578\" src=\"http:\/\/www.getreidereiniger-auer.at\/wp-content\/uploads\/2023\/01\/Bernhard-Adam-Kopie.jpeg\" alt=\"\" class=\"wp-image-1334\" style=\"aspect-ratio:0.8079584775086506;width:147px;height:auto\" srcset=\"http:\/\/www.getreidereiniger-auer.at\/wp-content\/uploads\/2023\/01\/Bernhard-Adam-Kopie.jpeg 467w, http:\/\/www.getreidereiniger-auer.at\/wp-content\/uploads\/2023\/01\/Bernhard-Adam-Kopie-242x300.jpeg 242w\" sizes=\"(max-width: 467px) 100vw, 467px\" \/><figcaption class=\"wp-element-caption\"><strong>Bernhard Adam<\/strong> &#8211; Verkaufsassistent<br>+43 681\/10342725<br>adam@getreidereiniger-auer.at<\/figcaption><\/figure>\n<\/div>\n\n\n<p><\/p>\n\n\n\n<p><\/p>\n\n\n<div class=\"wp-block-image\">\n<figure class=\"aligncenter size-full is-resized\"><img decoding=\"async\" width=\"473\" height=\"630\" src=\"http:\/\/www.getreidereiniger-auer.at\/wp-content\/uploads\/2023\/12\/Max-edited.jpg\" alt=\"\" class=\"wp-image-2074\" style=\"aspect-ratio:0.7507936507936508;width:108px;height:auto\" srcset=\"http:\/\/www.getreidereiniger-auer.at\/wp-content\/uploads\/2023\/12\/Max-edited.jpg 473w, http:\/\/www.getreidereiniger-auer.at\/wp-content\/uploads\/2023\/12\/Max-edited-225x300.jpg 225w\" sizes=\"(max-width: 473px) 100vw, 473px\" \/><\/figure>\n<\/div>\n\n\n<p class=\"has-text-align-center\"><strong>Markus Auer<\/strong> &#8211; Technik und Entwicklung<br>technik@getreidereiniger-auer.at<\/p>\n\n\n<div class=\"wp-block-image\">\n<figure class=\"aligncenter size-full is-resized\"><img decoding=\"async\" width=\"621\" height=\"710\" src=\"http:\/\/www.getreidereiniger-auer.at\/wp-content\/uploads\/2023\/01\/Stefan-Fichtinger-Kopie.jpeg\" alt=\"\" class=\"wp-image-1333\" style=\"aspect-ratio:0.8760330578512396;width:130px;height:auto\" srcset=\"http:\/\/www.getreidereiniger-auer.at\/wp-content\/uploads\/2023\/01\/Stefan-Fichtinger-Kopie.jpeg 621w, http:\/\/www.getreidereiniger-auer.at\/wp-content\/uploads\/2023\/01\/Stefan-Fichtinger-Kopie-600x686.jpeg 600w, http:\/\/www.getreidereiniger-auer.at\/wp-content\/uploads\/2023\/01\/Stefan-Fichtinger-Kopie-262x300.jpeg 262w\" sizes=\"(max-width: 621px) 100vw, 621px\" \/><figcaption class=\"wp-element-caption\"><strong>Stefan Fichtinger <\/strong> -Assistent der Gesch\u00e4ftsleitung<br>+43 681\/10577521<br>fichtinger@getreidereiniger-auer.at<\/figcaption><\/figure>\n<\/div>\n\n<div class=\"wp-block-image is-resized\">\n<figure class=\"aligncenter size-full\"><img loading=\"lazy\" decoding=\"async\" width=\"571\" height=\"616\" src=\"http:\/\/www.getreidereiniger-auer.at\/wp-content\/uploads\/2023\/01\/Andreas-Auer-Kopie.jpeg\" alt=\"\" class=\"wp-image-1332\" style=\"aspect-ratio:0.926948051948052;width:143px;height:auto\" srcset=\"http:\/\/www.getreidereiniger-auer.at\/wp-content\/uploads\/2023\/01\/Andreas-Auer-Kopie.jpeg 571w, http:\/\/www.getreidereiniger-auer.at\/wp-content\/uploads\/2023\/01\/Andreas-Auer-Kopie-278x300.jpeg 278w\" sizes=\"(max-width: 571px) 100vw, 571px\" \/><figcaption class=\"wp-element-caption\"><strong>Andreas Auer<\/strong> &#8211; Gesch\u00e4ftsf\u00fchrung<br>Ga\u00dfles 3\/2<br>3631 Ottenschlag<br>\u00d6sterreich<br>office@getreidereiniger-auer.at<\/figcaption><\/figure>\n<\/div>\n\n\n\n\n<p><strong><a href=\"https:\/\/www.google.at\/search?q=getreidereiniger+auer+%C3%B6ffnungszeiten&amp;sxsrf=ALiCzsYQxdSCIuA1qd1EcdQ8N90OD6IDXQ%3A1671699439096&amp;ei=7xukY-W8BYzbsAfEvbboDA&amp;oq=getreidereiniger+auer+%C3%B6ffnung&amp;gs_lcp=Cgxnd3Mtd2l6LXNlcnAQAxgAMgUIIRCgAToKCAAQRxDWBBCwAzoGCAAQFhAeOgIIJjoHCCEQoAEQCjoECCEQFUoECEEYAEoECEYYAFDLBVjdE2DuHWgBcAF4AIABswGIAcMHkgEDMS43mAEAoAEByAEIwAEB&amp;sclient=gws-wiz-serp\" target=\"_blank\" rel=\"noreferrer noopener\">\u00d6ffnungszeiten<\/a><\/strong><\/p>\n\n\n\n<p><strong>Anfahrt<\/strong><\/p>\n\n\n\n<figure class=\"wp-block-image size-large\"><a href=\"https:\/\/www.google.at\/maps\/place\/Andreas+Auer+Landmaschinen+Handel\/@48.3985648,15.2477516,15z\/data=!4m5!3m4!1s0x0:0x8931cf3c7ba9f8b!8m2!3d48.3985648!4d15.2477516\"><img loading=\"lazy\" decoding=\"async\" width=\"711\" height=\"482\" src=\"http:\/\/www.getreidereiniger-auer.at\/wp-content\/uploads\/2020\/06\/maps_symbol.png\" alt=\"\" class=\"wp-image-285\" srcset=\"http:\/\/www.getreidereiniger-auer.at\/wp-content\/uploads\/2020\/06\/maps_symbol.png 711w, http:\/\/www.getreidereiniger-auer.at\/wp-content\/uploads\/2020\/06\/maps_symbol-600x407.png 600w, http:\/\/www.getreidereiniger-auer.at\/wp-content\/uploads\/2020\/06\/maps_symbol-300x203.png 300w\" sizes=\"(max-width: 711px) 100vw, 711px\" \/><\/a><\/figure>\n","protected":false},"excerpt":{"rendered":"<p>Gerne k\u00f6nnen Sie uns eine unverbindlich Anfrage schicken. Markus Auer &#8211; Technik und Entwicklungtechnik@getreidereiniger-auer.at \u00d6ffnungszeiten Anfahrt<\/p>\n","protected":false},"author":1,"featured_media":0,"parent":0,"menu_order":0,"comment_status":"closed","ping_status":"closed","template":"","meta":{"ocean_post_layout":"right-sidebar","ocean_both_sidebars_style":"","ocean_both_sidebars_content_width":0,"ocean_both_sidebars_sidebars_width":0,"ocean_sidebar":"0","ocean_second_sidebar":"0","ocean_disable_margins":"enable","ocean_add_body_class":"","ocean_shortcode_before_top_bar":"","ocean_shortcode_after_top_bar":"","ocean_shortcode_before_header":"","ocean_shortcode_after_header":"","ocean_has_shortcode":"","ocean_shortcode_after_title":"","ocean_shortcode_before_footer_widgets":"","ocean_shortcode_after_footer_widgets":"","ocean_shortcode_before_footer_bottom":"","ocean_shortcode_after_footer_bottom":"","ocean_display_top_bar":"default","ocean_display_header":"default","ocean_header_style":"","ocean_center_header_left_menu":"0","ocean_custom_header_template":"0","ocean_custom_logo":2285,"ocean_custom_retina_logo":0,"ocean_custom_logo_max_width":150,"ocean_custom_logo_tablet_max_width":0,"ocean_custom_logo_mobile_max_width":0,"ocean_custom_logo_max_height":100,"ocean_custom_logo_tablet_max_height":0,"ocean_custom_logo_mobile_max_height":0,"ocean_header_custom_menu":"0","ocean_menu_typo_font_family":"0","ocean_menu_typo_font_subset":"","ocean_menu_typo_font_size":0,"ocean_menu_typo_font_size_tablet":0,"ocean_menu_typo_font_size_mobile":0,"ocean_menu_typo_font_size_unit":"px","ocean_menu_typo_font_weight":"","ocean_menu_typo_font_weight_tablet":"","ocean_menu_typo_font_weight_mobile":"","ocean_menu_typo_transform":"","ocean_menu_typo_transform_tablet":"","ocean_menu_typo_transform_mobile":"","ocean_menu_typo_line_height":0,"ocean_menu_typo_line_height_tablet":0,"ocean_menu_typo_line_height_mobile":0,"ocean_menu_typo_line_height_unit":"","ocean_menu_typo_spacing":0,"ocean_menu_typo_spacing_tablet":0,"ocean_menu_typo_spacing_mobile":0,"ocean_menu_typo_spacing_unit":"","ocean_menu_link_color":"","ocean_menu_link_color_hover":"","ocean_menu_link_color_active":"","ocean_menu_link_background":"","ocean_menu_link_hover_background":"","ocean_menu_link_active_background":"","ocean_menu_social_links_bg":"","ocean_menu_social_hover_links_bg":"","ocean_menu_social_links_color":"","ocean_menu_social_hover_links_color":"","ocean_disable_title":"default","ocean_disable_heading":"default","ocean_post_title":"","ocean_post_subheading":"","ocean_post_title_style":"","ocean_post_title_background_color":"","ocean_post_title_background":0,"ocean_post_title_bg_image_position":"","ocean_post_title_bg_image_attachment":"","ocean_post_title_bg_image_repeat":"","ocean_post_title_bg_image_size":"","ocean_post_title_height":0,"ocean_post_title_bg_overlay":0.5,"ocean_post_title_bg_overlay_color":"","ocean_disable_breadcrumbs":"default","ocean_breadcrumbs_color":"","ocean_breadcrumbs_separator_color":"","ocean_breadcrumbs_links_color":"","ocean_breadcrumbs_links_hover_color":"","ocean_display_footer_widgets":"default","ocean_display_footer_bottom":"default","ocean_custom_footer_template":"0","footnotes":""},"class_list":["post-146","page","type-page","status-publish","hentry","entry","owp-thumbs-layout-horizontal","owp-btn-normal","owp-tabs-layout-horizontal","has-no-thumbnails","has-product-nav"],"jetpack_sharing_enabled":true,"_links":{"self":[{"href":"http:\/\/www.getreidereiniger-auer.at\/index.php?rest_route=\/wp\/v2\/pages\/146","targetHints":{"allow":["GET"]}}],"collection":[{"href":"http:\/\/www.getreidereiniger-auer.at\/index.php?rest_route=\/wp\/v2\/pages"}],"about":[{"href":"http:\/\/www.getreidereiniger-auer.at\/index.php?rest_route=\/wp\/v2\/types\/page"}],"author":[{"embeddable":true,"href":"http:\/\/www.getreidereiniger-auer.at\/index.php?rest_route=\/wp\/v2\/users\/1"}],"replies":[{"embeddable":true,"href":"http:\/\/www.getreidereiniger-auer.at\/index.php?rest_route=%2Fwp%2Fv2%2Fcomments&post=146"}],"version-history":[{"count":10,"href":"http:\/\/www.getreidereiniger-auer.at\/index.php?rest_route=\/wp\/v2\/pages\/146\/revisions"}],"predecessor-version":[{"id":2434,"href":"http:\/\/www.getreidereiniger-auer.at\/index.php?rest_route=\/wp\/v2\/pages\/146\/revisions\/2434"}],"wp:attachment":[{"href":"http:\/\/www.getreidereiniger-auer.at\/index.php?rest_route=%2Fwp%2Fv2%2Fmedia&parent=146"}],"curies":[{"name":"wp","href":"https:\/\/api.w.org\/{rel}","templated":true}]}}